when 35060 is divided by 2911?
128
What is the remainder when 983326 is divided by 13111?
1
Calculate the remainder when 3401697 is divided by 1133895.
12
What is the remainder when 3502547 is divided by 3683?
14
What is the remainder when 888545 is divided by 80775?
20
Calculate the remainder when 1032426716 is divided by 390.
386
Calculate the remainder when 16450288 is divided by 1035.
1033
Calculate the remainder when 14585074 is divided by 768.
754
What is the remainder when 5609128 is divided by 6338?
6336
Calculate the remainder when 128596 is divided by 42688.
532
Calculate the remainder when 3083686 is divided by 469.
11
Calculate the remainder when 32072638 is divided by 19.
11
Calculate the remainder when 543606 is divided by 396.
294
What is the remainder when 33022 is divided by 16501?
20
What is the remainder when 4708613 is divided by 4708600?
13
What is the remainder when 7260 is divided by 10?
0
Calculate the remainder when 333549 is divided by 607.
306
Calculate the remainder when 1635802 is divided by 1635777.
25
Calculate the remainder when 10492418 is divided by 30.
8
What is the remainder when 41612968 is divided by 406?
404
Calculate the remainder when 14809629 is divided by 3702405.
9
Calculate the remainder when 33027360 is divided by 9551.
2
What is the remainder when 107578 is divided by 327?
322
What is the remainder when 922357 is divided by 556?
509
What is the remainder when 2956145 is divided by 985379?
8
What is the remainder when 39920429 is divided by 883?
882
Calculate the remainder when 218220 is divided by 1490.
680
Calculate the remainder when 1125776 is divided by 239.
86
What is the remainder when 1170277 is divided by 830?
807
What is the remainder when 2104253 is divided by 671?
668
What is the remainder when 11799 is divided by 150?
99
Calculate the remainder when 610525 is divided by 57.
55
Calculate the remainder when 7973 is divided by 3165.
1643
What is the remainder when 883464 is divided by 126202?
50
What is the remainder when 51651650 is divided by 5739071?
11
Calculate the remainder when 61342 is divided by 5572.
50
What is the remainder when 494185 is divided by 164640?
265
What is the remainder when 184803 is divided by 260?
203
Calculate the remainder when 379172661 is divided by 13933.
13932
Calculate the remainder when 169797 is divided by 1885.
147
What is the remainder when 11642596 is divided by 153190?
156
What is the remainder when 330845 is divided by 41353?
21
Calculate the remainder when 2113098 is divided by 318.
306
What is the remainder when 4883930 is divided by 1290?
1280
Calculate the remainder when 49819 is divided by 1258.
757
Calculate the remainder when 42312 is divided by 3846.
6
Calculate the remainder when 3383631 is divided by 11241.
90
Calculate the remainder when 601299 is divided by 150076.
995
Calculate the remainder when 584957 is divided by 83560.
37
Calculate the remainder when 2902308 is divided by 305.
233
What is the remainder when 2368987 is divided by 103?
90
Calculate the remainder when 88189 is divided by 253.
145
What is the remainder when 54784 is divided by 4229?
4036
Calculate the remainder when 5360264 is divided by 7016.
40
What is the remainder when 42807 is divided by 2855?
2837
Calculate the remainder when 103783088 is divided by 2069.
2048
What is the remainder when 12797304 is divided by 5418?
5406
What is the remainder when 1049546 is divided by 11408?
10
What is the remainder when 637087 is divided by 5843?
200
Calculate the remainder when 8077623 is divided by 658.
15
Calculate the remainder when 34009 is divided by 11248.
265
What is the remainder when 66389 is divided by 2350?
589
Calculate the remainder when 229059529 is divided by 52.
49
What is the remainder when 1831356 is divided by 54?
0
Calculate the remainder when 29017 is divided by 14336.
345
What is the remainder when 167274 is divided by 165317?
1957
Calculate the remainder when 271651 is divided by 10.
1
Calculate the remainder when 59672039 is divided by 78.
11
What is the remainder when 2055841 is divided by 234?
151
What is the remainder when 5419272 is divided by 5313?
12
What is the remainder when 370048 is divided by 46255?
8
What is the remainder when 730294 is divided by 189?
187
What is the remainder when 184980 is divided by 1359?
156
What is the remainder when 166200 is divided by 4441?
1883
Calculate the remainder when 19084977 is divided by 1177.
1099
Calculate the remainder when 20196141 is divided by 95.
91
Calculate the remainder when 50759148 is divided by 25379558.
32
Calculate the remainder when 23876225 is divided by 423.
413
Calculate the remainder when 140321898 is divided by 510.
498
Calculate the remainder when 4130413 is divided by 62.
35
What is the remainder when 1013478 is divided by 506660?
158
Calculate the remainder when 197644 is divided by 396.
40
What is the remainder when 73849629 is divided by 2446?
2443
What is the remainder when 6018798 is divided by 820?
818
What is the remainder when 277002 is divided by 276995?
7
Calculate the remainder when 92543868 is divided by 11.
10
What is the remainder when 717865 is divided by 18891?
7
What is the remainder when 126845 is divided by 41817?
1394
What is the remainder when 21289575 is divided by 82?
79
Calculate the remainder when 2732700 is divided by 101211.
3
Calculate the remainder when 893602 is divided by 41.
7
Calculate the remainder when 304596 is divided by 304582.
14
What is the remainder when 37218 is divided by 2976?
1506
What is the remainder when 3266898 is divided by 15782?
24
Calculate the remainder when 157031 is divided by 31369.
186
What is the remainder when 313646 is divided by 26121?
194
What is the remainder when 214864609 is divided by 107432301?
7
Calculate the remainder when 179665 is divided by 22455.
25
What is the remainder when 164989 is divided by 465?
379
What is the remainder when 781723 is divided by 43?
26
Calculate the remainder when 55291181 is divided by 516740.
1
What is the remainder when 20790130 is divided by 95?
45
Calculate the remainder when 610171424 is divided by 17.
12
What is the remainder when 899190 is divided by 37?
16
Calculate the remainder when 12462966 is divided by 205.
196
What is the remainder when 1407821 is divided by 351949?
25
What is the remainder when 14384335 is divided by 2355?
2350
What is the remainder when 832856 is divided by 33312?
56
Calculate the remainder when 6258 is divided by 3029.
200
Calculate the remainder when 795030 is divided by 12600.
1230
Calculate the remainder when 3872601 is divided by 3412.
3393
Calculate the remainder when 15060 is divided by 3568.
788
Calculate the remainder when 3003219 is divided by 1870.
1869
What is the remainder when 103838752 is divided by 33?
28
Calculate the remainder when 8077 is divided by 3307.
1463
Calculate the remainder when 4473258 is divided by 235433.
31
Calculate the remainder when 17761935 is divided by 2169.
2163
Calculate the remainder when 6534 is divided by 246.
138
What is the remainder when 154274 is divided by 13814?
2320
What is the remainder when 23041 is divided by 46?
41
Calculate the remainder when 538740 is divided by 6521.
4018
Calculate the remainder when 23659754 is divided by 2323.
2322
Calculate the remainder when 1523064 is divided by 217577.
25
What is the remainder when 4159812 is divided by 1039952?
4
Calculate the remainder when 4768446 is divided by 227066.
60
Calculate the remainder when 7640 is divided by 2443.
311
Calculate the remainder when 104342 is divided by 1104.
566
Calculate the remainder when 985883 is divided by 105.
38
What is the remainder when 24470 is divided by 1439?
7
What is the remainder when 280881 is divided by 228?
213
What is the remainder when 1632514 is divided by 587?
67
What is the remainder when 2993352 is divided by 1496674?
4
What is the remainder when 28105 is divided by 4973?
3240
Calculate the remainder when 137475 is divided by 17159.
203
What is the remainder when 565643 is divided by 141402?
35
Calculate the remainder when 3552430 is divided by 1554.
1540
Calculate the remainder when 26723029 is divided by 39.
34
What is the remainder when 2988435 is divided by 1901?
63
What is the remainder when 13660